{"id":568,"date":"2025-06-10T18:54:34","date_gmt":"2025-06-10T16:54:34","guid":{"rendered":"https:\/\/grayandwhite.fr\/?post_type=product&#038;p=568"},"modified":"2026-01-30T17:02:09","modified_gmt":"2026-01-30T16:02:09","slug":"veste-softscapuche-homme-softshellhell","status":"publish","type":"product","link":"https:\/\/grayandwhite.fr\/en\/product\/veste-softscapuche-homme-softshellhell\/","title":{"rendered":"Men's softshell jacket with hood"},"content":{"rendered":"<p>Confectionn\u00e9e en mati\u00e8res recycl\u00e9es et durables, cette veste \u00e0 capuche softshell imperm\u00e9able, trois couches, associe technicit\u00e9 et style d\u00e9contract\u00e9. Son tissu en polyester recycl\u00e9 et \u00e9lasthanne allie confort et r\u00e9sistance, tandis que la doublure polaire recycl\u00e9e assure une chaleur douce. Sa capuche int\u00e9gr\u00e9e offre une protection suppl\u00e9mentaire, id\u00e9ale pour affronter les al\u00e9as climatiques avec \u00e9l\u00e9gance et conscience environnementale.<\/p>","protected":false},"excerpt":{"rendered":"<p>Men's softshell jacket with hood<\/p>","protected":false},"featured_media":2227,"template":"","meta":{"_acf_changed":false,"site-sidebar-layout":"default","site-content-layout":"","ast-site-content-layout":"default","site-content-style":"default","site-sidebar-style":"default","ast-global-header-display":"","ast-banner-title-visibility":"","ast-main-header-display":"","ast-hfb-above-header-display":"","ast-hfb-below-header-display":"","ast-hfb-mobile-header-display":"","site-post-title":"","ast-breadcrumbs-content":"","ast-featured-img":"","footer-sml-layout":"","ast-disable-related-posts":"","theme-transparent-header-meta":"default","adv-header-id-meta":"","stick-header-meta":"","header-above-stick-meta":"","header-main-stick-meta":"","header-below-stick-meta":"","astra-migrate-meta-layouts":"set","ast-page-background-enabled":"default","ast-page-background-meta":{"desktop":{"background-color":"var(--ast-global-color-5)","background-image":"","background-repeat":"repeat","background-position":"center center","background-size":"auto","background-attachment":"scroll","background-type":"","background-media":"","overlay-type":"","overlay-color":"","overlay-opacity":"","overlay-gradient":""},"tablet":{"background-color":"","background-image":"","background-repeat":"repeat","background-position":"center center","background-size":"auto","background-attachment":"scroll","background-type":"","background-media":"","overlay-type":"","overlay-color":"","overlay-opacity":"","overlay-gradient":""},"mobile":{"background-color":"","background-image":"","background-repeat":"repeat","background-position":"center center","background-size":"auto","background-attachment":"scroll","background-type":"","background-media":"","overlay-type":"","overlay-color":"","overlay-opacity":"","overlay-gradient":""}},"ast-content-background-meta":{"desktop":{"background-color":"var(--ast-global-color-4)","background-image":"","background-repeat":"repeat","background-position":"center center","background-size":"auto","background-attachment":"scroll","background-type":"","background-media":"","overlay-type":"","overlay-color":"","overlay-opacity":"","overlay-gradient":""},"tablet":{"background-color":"var(--ast-global-color-4)","background-image":"","background-repeat":"repeat","background-position":"center center","background-size":"auto","background-attachment":"scroll","background-type":"","background-media":"","overlay-type":"","overlay-color":"","overlay-opacity":"","overlay-gradient":""},"mobile":{"background-color":"var(--ast-global-color-4)","background-image":"","background-repeat":"repeat","background-position":"center center","background-size":"auto","background-attachment":"scroll","background-type":"","background-media":"","overlay-type":"","overlay-color":"","overlay-opacity":"","overlay-gradient":""}}},"product_brand":[66],"product_cat":[22],"product_tag":[31,55],"class_list":{"0":"post-568","1":"product","2":"type-product","3":"status-publish","4":"has-post-thumbnail","6":"product_brand-gray-and-white","7":"product_cat-softshell","8":"product_tag-homme","9":"product_tag-softshell-homme","10":"desktop-align-center","11":"tablet-align-left","12":"mobile-align-left","14":"first","15":"instock","16":"shipping-taxable","17":"purchasable","18":"product-type-variable"},"acf":[],"yoast_head":"<!-- This site is optimized with the Yoast SEO plugin v27.1.1 - https:\/\/yoast.com\/product\/yoast-seo-wordpress\/ -->\n<title>Veste capuche Homme softshell - Gray and White<\/title>\n<meta name=\"robots\" content=\"index, follow, max-snippet:-1, max-image-preview:large, max-video-preview:-1\" \/>\n<link rel=\"canonical\" href=\"https:\/\/grayandwhite.fr\/en\/product\/veste-softscapuche-homme-softshellhell\/\" \/>\n<meta property=\"og:locale\" content=\"en_GB\" \/>\n<meta property=\"og:type\" content=\"article\" \/>\n<meta property=\"og:title\" content=\"Veste capuche Homme softshell - Gray and White\" \/>\n<meta property=\"og:description\" content=\"Veste softshell homme avec capuche\" \/>\n<meta property=\"og:url\" content=\"https:\/\/grayandwhite.fr\/en\/product\/veste-softscapuche-homme-softshellhell\/\" \/>\n<meta property=\"og:site_name\" content=\"Gray and White\" \/>\n<meta property=\"article:publisher\" content=\"https:\/\/www.facebook.com\/people\/Gray-White\/61581786922229\/\" \/>\n<meta property=\"article:modified_time\" content=\"2026-01-30T16:02:09+00:00\" \/>\n<meta property=\"og:image\" content=\"https:\/\/grayandwhite.fr\/wp-content\/uploads\/2025\/06\/homme-softshell-capuche-foret.jpg\" \/>\n\t<meta property=\"og:image:width\" content=\"800\" \/>\n\t<meta property=\"og:image:height\" content=\"1200\" \/>\n\t<meta property=\"og:image:type\" content=\"image\/jpeg\" \/>\n<meta name=\"twitter:card\" content=\"summary_large_image\" \/>\n<meta name=\"twitter:label1\" content=\"Estimated reading time\" \/>\n\t<meta name=\"twitter:data1\" content=\"1 minute\" \/>\n<script type=\"application\/ld+json\" class=\"yoast-schema-graph\">{\"@context\":\"https:\/\/schema.org\",\"@graph\":[{\"@type\":\"WebPage\",\"@id\":\"https:\/\/grayandwhite.fr\/product\/veste-softscapuche-homme-softshellhell\/\",\"url\":\"https:\/\/grayandwhite.fr\/product\/veste-softscapuche-homme-softshellhell\/\",\"name\":\"Veste capuche Homme softshell - Gray and White\",\"isPartOf\":{\"@id\":\"https:\/\/grayandwhite.fr\/#website\"},\"primaryImageOfPage\":{\"@id\":\"https:\/\/grayandwhite.fr\/product\/veste-softscapuche-homme-softshellhell\/#primaryimage\"},\"image\":{\"@id\":\"https:\/\/grayandwhite.fr\/product\/veste-softscapuche-homme-softshellhell\/#primaryimage\"},\"thumbnailUrl\":\"https:\/\/grayandwhite.fr\/wp-content\/uploads\/2025\/06\/homme-softshell-capuche-foret.jpg\",\"datePublished\":\"2025-06-10T16:54:34+00:00\",\"dateModified\":\"2026-01-30T16:02:09+00:00\",\"breadcrumb\":{\"@id\":\"https:\/\/grayandwhite.fr\/product\/veste-softscapuche-homme-softshellhell\/#breadcrumb\"},\"inLanguage\":\"en-GB\",\"potentialAction\":[{\"@type\":\"ReadAction\",\"target\":[\"https:\/\/grayandwhite.fr\/product\/veste-softscapuche-homme-softshellhell\/\"]}]},{\"@type\":\"ImageObject\",\"inLanguage\":\"en-GB\",\"@id\":\"https:\/\/grayandwhite.fr\/product\/veste-softscapuche-homme-softshellhell\/#primaryimage\",\"url\":\"https:\/\/grayandwhite.fr\/wp-content\/uploads\/2025\/06\/homme-softshell-capuche-foret.jpg\",\"contentUrl\":\"https:\/\/grayandwhite.fr\/wp-content\/uploads\/2025\/06\/homme-softshell-capuche-foret.jpg\",\"width\":800,\"height\":1200,\"caption\":\"homme avec veste softshell navy blue se prom\u00e8ne en for\u00eat\"},{\"@type\":\"BreadcrumbList\",\"@id\":\"https:\/\/grayandwhite.fr\/product\/veste-softscapuche-homme-softshellhell\/#breadcrumb\",\"itemListElement\":[{\"@type\":\"ListItem\",\"position\":1,\"name\":\"Accueil\",\"item\":\"https:\/\/grayandwhite.fr\/\"},{\"@type\":\"ListItem\",\"position\":2,\"name\":\"Produits\",\"item\":\"https:\/\/grayandwhite.fr\/produits\/\"},{\"@type\":\"ListItem\",\"position\":3,\"name\":\"Veste capuche Homme softshell\"}]},{\"@type\":\"WebSite\",\"@id\":\"https:\/\/grayandwhite.fr\/#website\",\"url\":\"https:\/\/grayandwhite.fr\/\",\"name\":\"Gray and White\",\"description\":\"Le style sans compromis, la qualit\u00e9 sans \u00e9gal\",\"publisher\":{\"@id\":\"https:\/\/grayandwhite.fr\/#organization\"},\"potentialAction\":[{\"@type\":\"SearchAction\",\"target\":{\"@type\":\"EntryPoint\",\"urlTemplate\":\"https:\/\/grayandwhite.fr\/?s={search_term_string}\"},\"query-input\":{\"@type\":\"PropertyValueSpecification\",\"valueRequired\":true,\"valueName\":\"search_term_string\"}}],\"inLanguage\":\"en-GB\"},{\"@type\":\"Organization\",\"@id\":\"https:\/\/grayandwhite.fr\/#organization\",\"name\":\"Gray and White\",\"url\":\"https:\/\/grayandwhite.fr\/\",\"logo\":{\"@type\":\"ImageObject\",\"inLanguage\":\"en-GB\",\"@id\":\"https:\/\/grayandwhite.fr\/#\/schema\/logo\/image\/\",\"url\":\"https:\/\/grayandwhite.fr\/wp-content\/uploads\/2025\/06\/logo_graywhite.svg\",\"contentUrl\":\"https:\/\/grayandwhite.fr\/wp-content\/uploads\/2025\/06\/logo_graywhite.svg\",\"width\":84,\"height\":84,\"caption\":\"Gray and White\"},\"image\":{\"@id\":\"https:\/\/grayandwhite.fr\/#\/schema\/logo\/image\/\"},\"sameAs\":[\"https:\/\/www.facebook.com\/people\/Gray-White\/61581786922229\/\",\"https:\/\/www.instagram.com\/grayandwhite93290\"]}]}<\/script>\n<!-- \/ Yoast SEO plugin. -->","yoast_head_json":{"title":"Veste capuche Homme softshell - Gray and White","robots":{"index":"index","follow":"follow","max-snippet":"max-snippet:-1","max-image-preview":"max-image-preview:large","max-video-preview":"max-video-preview:-1"},"canonical":"https:\/\/grayandwhite.fr\/en\/product\/veste-softscapuche-homme-softshellhell\/","og_locale":"en_GB","og_type":"article","og_title":"Veste capuche Homme softshell - Gray and White","og_description":"Veste softshell homme avec capuche","og_url":"https:\/\/grayandwhite.fr\/en\/product\/veste-softscapuche-homme-softshellhell\/","og_site_name":"Gray and White","article_publisher":"https:\/\/www.facebook.com\/people\/Gray-White\/61581786922229\/","article_modified_time":"2026-01-30T16:02:09+00:00","og_image":[{"width":800,"height":1200,"url":"https:\/\/grayandwhite.fr\/wp-content\/uploads\/2025\/06\/homme-softshell-capuche-foret.jpg","type":"image\/jpeg"}],"twitter_card":"summary_large_image","twitter_misc":{"Estimated reading time":"1 minute"},"schema":{"@context":"https:\/\/schema.org","@graph":[{"@type":"WebPage","@id":"https:\/\/grayandwhite.fr\/product\/veste-softscapuche-homme-softshellhell\/","url":"https:\/\/grayandwhite.fr\/product\/veste-softscapuche-homme-softshellhell\/","name":"Veste capuche Homme softshell - Gray and White","isPartOf":{"@id":"https:\/\/grayandwhite.fr\/#website"},"primaryImageOfPage":{"@id":"https:\/\/grayandwhite.fr\/product\/veste-softscapuche-homme-softshellhell\/#primaryimage"},"image":{"@id":"https:\/\/grayandwhite.fr\/product\/veste-softscapuche-homme-softshellhell\/#primaryimage"},"thumbnailUrl":"https:\/\/grayandwhite.fr\/wp-content\/uploads\/2025\/06\/homme-softshell-capuche-foret.jpg","datePublished":"2025-06-10T16:54:34+00:00","dateModified":"2026-01-30T16:02:09+00:00","breadcrumb":{"@id":"https:\/\/grayandwhite.fr\/product\/veste-softscapuche-homme-softshellhell\/#breadcrumb"},"inLanguage":"en-GB","potentialAction":[{"@type":"ReadAction","target":["https:\/\/grayandwhite.fr\/product\/veste-softscapuche-homme-softshellhell\/"]}]},{"@type":"ImageObject","inLanguage":"en-GB","@id":"https:\/\/grayandwhite.fr\/product\/veste-softscapuche-homme-softshellhell\/#primaryimage","url":"https:\/\/grayandwhite.fr\/wp-content\/uploads\/2025\/06\/homme-softshell-capuche-foret.jpg","contentUrl":"https:\/\/grayandwhite.fr\/wp-content\/uploads\/2025\/06\/homme-softshell-capuche-foret.jpg","width":800,"height":1200,"caption":"homme avec veste softshell navy blue se prom\u00e8ne en for\u00eat"},{"@type":"BreadcrumbList","@id":"https:\/\/grayandwhite.fr\/product\/veste-softscapuche-homme-softshellhell\/#breadcrumb","itemListElement":[{"@type":"ListItem","position":1,"name":"Accueil","item":"https:\/\/grayandwhite.fr\/"},{"@type":"ListItem","position":2,"name":"Produits","item":"https:\/\/grayandwhite.fr\/produits\/"},{"@type":"ListItem","position":3,"name":"Veste capuche Homme softshell"}]},{"@type":"WebSite","@id":"https:\/\/grayandwhite.fr\/#website","url":"https:\/\/grayandwhite.fr\/","name":"Gray and White","description":"Le style sans compromis, la qualit\u00e9 sans \u00e9gal","publisher":{"@id":"https:\/\/grayandwhite.fr\/#organization"},"potentialAction":[{"@type":"SearchAction","target":{"@type":"EntryPoint","urlTemplate":"https:\/\/grayandwhite.fr\/?s={search_term_string}"},"query-input":{"@type":"PropertyValueSpecification","valueRequired":true,"valueName":"search_term_string"}}],"inLanguage":"en-GB"},{"@type":"Organization","@id":"https:\/\/grayandwhite.fr\/#organization","name":"Gray and White","url":"https:\/\/grayandwhite.fr\/","logo":{"@type":"ImageObject","inLanguage":"en-GB","@id":"https:\/\/grayandwhite.fr\/#\/schema\/logo\/image\/","url":"https:\/\/grayandwhite.fr\/wp-content\/uploads\/2025\/06\/logo_graywhite.svg","contentUrl":"https:\/\/grayandwhite.fr\/wp-content\/uploads\/2025\/06\/logo_graywhite.svg","width":84,"height":84,"caption":"Gray and White"},"image":{"@id":"https:\/\/grayandwhite.fr\/#\/schema\/logo\/image\/"},"sameAs":["https:\/\/www.facebook.com\/people\/Gray-White\/61581786922229\/","https:\/\/www.instagram.com\/grayandwhite93290"]}]}},"_links":{"self":[{"href":"https:\/\/grayandwhite.fr\/en\/wp-json\/wp\/v2\/product\/568","targetHints":{"allow":["GET"]}}],"collection":[{"href":"https:\/\/grayandwhite.fr\/en\/wp-json\/wp\/v2\/product"}],"about":[{"href":"https:\/\/grayandwhite.fr\/en\/wp-json\/wp\/v2\/types\/product"}],"wp:featuredmedia":[{"embeddable":true,"href":"https:\/\/grayandwhite.fr\/en\/wp-json\/wp\/v2\/media\/2227"}],"wp:attachment":[{"href":"https:\/\/grayandwhite.fr\/en\/wp-json\/wp\/v2\/media?parent=568"}],"wp:term":[{"taxonomy":"product_brand","embeddable":true,"href":"https:\/\/grayandwhite.fr\/en\/wp-json\/wp\/v2\/product_brand?post=568"},{"taxonomy":"product_cat","embeddable":true,"href":"https:\/\/grayandwhite.fr\/en\/wp-json\/wp\/v2\/product_cat?post=568"},{"taxonomy":"product_tag","embeddable":true,"href":"https:\/\/grayandwhite.fr\/en\/wp-json\/wp\/v2\/product_tag?post=568"}],"curies":[{"name":"wp","href":"https:\/\/api.w.org\/{rel}","templated":true}]}}

<p>Confectionnée en matières recyclées et durables, cette veste à capuche softshell imperméable, trois couches, associe technicité et style décontracté. Son tissu en polyester recyclé et élasthanne allie confort et résistance, tandis que la doublure polaire recyclée assure une chaleur douce. Sa capuche intégrée offre une protection supplémentaire, idéale pour affronter les aléas climatiques avec élégance et conscience environnementale.</p>

<!-- This site is optimized with the Yoast SEO plugin v27.1.1 - https://yoast.com/product/yoast-seo-wordpress/ -->
<title>Veste capuche Homme softshell - Gray and White</title>
<meta name="robots" content="index, follow, max-snippet:-1, max-image-preview:large, max-video-preview:-1" />
<link rel="canonical" href="https://grayandwhite.fr/en/product/veste-softscapuche-homme-softshellhell/" />
<meta property="og:locale" content="en_GB" />
<meta property="og:type" content="article" />
<meta property="og:title" content="Veste capuche Homme softshell - Gray and White" />
<meta property="og:description" content="Veste softshell homme avec capuche" />
<meta property="og:url" content="https://grayandwhite.fr/en/product/veste-softscapuche-homme-softshellhell/" />
<meta property="og:site_name" content="Gray and White" />
<meta property="article:publisher" content="https://www.facebook.com/people/Gray-White/61581786922229/" />
<meta property="article:modified_time" content="2026-01-30T16:02:09+00:00" />
<meta property="og:image" content="https://grayandwhite.fr/wp-content/uploads/2025/06/homme-softshell-capuche-foret.jpg" />
	<meta property="og:image:width" content="800" />
	<meta property="og:image:height" content="1200" />
	<meta property="og:image:type" content="image/jpeg" />
<meta name="twitter:card" content="summary_large_image" />
<meta name="twitter:label1" content="Estimated reading time" />
	<meta name="twitter:data1" content="1 minute" />
<script type="application/ld+json" class="yoast-schema-graph">{"@context":"https://schema.org","@graph":[{"@type":"WebPage","@id":"https://grayandwhite.fr/product/veste-softscapuche-homme-softshellhell/","url":"https://grayandwhite.fr/product/veste-softscapuche-homme-softshellhell/","name":"Veste capuche Homme softshell - Gray and White","isPartOf":{"@id":"https://grayandwhite.fr/#website"},"primaryImageOfPage":{"@id":"https://grayandwhite.fr/product/veste-softscapuche-homme-softshellhell/#primaryimage"},"image":{"@id":"https://grayandwhite.fr/product/veste-softscapuche-homme-softshellhell/#primaryimage"},"thumbnailUrl":"https://grayandwhite.fr/wp-content/uploads/2025/06/homme-softshell-capuche-foret.jpg","datePublished":"2025-06-10T16:54:34+00:00","dateModified":"2026-01-30T16:02:09+00:00","breadcrumb":{"@id":"https://grayandwhite.fr/product/veste-softscapuche-homme-softshellhell/#breadcrumb"},"inLanguage":"en-GB","potentialAction":[{"@type":"ReadAction","target":["https://grayandwhite.fr/product/veste-softscapuche-homme-softshellhell/"]}]},{"@type":"ImageObject","inLanguage":"en-GB","@id":"https://grayandwhite.fr/product/veste-softscapuche-homme-softshellhell/#primaryimage","url":"https://grayandwhite.fr/wp-content/uploads/2025/06/homme-softshell-capuche-foret.jpg","contentUrl":"https://grayandwhite.fr/wp-content/uploads/2025/06/homme-softshell-capuche-foret.jpg","width":800,"height":1200,"caption":"homme avec veste softshell navy blue se promène en forêt"},{"@type":"BreadcrumbList","@id":"https://grayandwhite.fr/product/veste-softscapuche-homme-softshellhell/#breadcrumb","itemListElement":[{"@type":"ListItem","position":1,"name":"Accueil","item":"https://grayandwhite.fr/"},{"@type":"ListItem","position":2,"name":"Produits","item":"https://grayandwhite.fr/produits/"},{"@type":"ListItem","position":3,"name":"Veste capuche Homme softshell"}]},{"@type":"WebSite","@id":"https://grayandwhite.fr/#website","url":"https://grayandwhite.fr/","name":"Gray and White","description":"Le style sans compromis, la qualité sans égal","publisher":{"@id":"https://grayandwhite.fr/#organization"},"potentialAction":[{"@type":"SearchAction","target":{"@type":"EntryPoint","urlTemplate":"https://grayandwhite.fr/?s={search_term_string}"},"query-input":{"@type":"PropertyValueSpecification","valueRequired":true,"valueName":"search_term_string"}}],"inLanguage":"en-GB"},{"@type":"Organization","@id":"https://grayandwhite.fr/#organization","name":"Gray and White","url":"https://grayandwhite.fr/","logo":{"@type":"ImageObject","inLanguage":"en-GB","@id":"https://grayandwhite.fr/#/schema/logo/image/","url":"https://grayandwhite.fr/wp-content/uploads/2025/06/logo_graywhite.svg","contentUrl":"https://grayandwhite.fr/wp-content/uploads/2025/06/logo_graywhite.svg","width":84,"height":84,"caption":"Gray and White"},"image":{"@id":"https://grayandwhite.fr/#/schema/logo/image/"},"sameAs":["https://www.facebook.com/people/Gray-White/61581786922229/","https://www.instagram.com/grayandwhite93290"]}]}</script>
<!-- / Yoast SEO plugin. -->

homme avec veste softshell navy blue se promène en forêt

Le style sans compromis, la qualité sans égal
